{"id":3213,"date":"2021-09-18T20:55:10","date_gmt":"2021-09-18T18:55:10","guid":{"rendered":"http:\/\/relleutelecom.com\/macarova\/?page_id=3213"},"modified":"2025-09-25T19:00:13","modified_gmt":"2025-09-25T17:00:13","slug":"tv-digital","status":"publish","type":"page","link":"https:\/\/relleutelecom.com\/macarova\/tv-digital\/","title":{"rendered":"Televisi\u00f3n Digital"},"content":{"rendered":"<p>[vc_row][vc_column width=\u00bb1\/6&#8243; offset=\u00bbvc_hidden-sm vc_hidden-xs\u00bb][\/vc_column][vc_column offset=\u00bbvc_col-lg-8 vc_col-md-8 vc_col-xs-12&#8243;][vc_column_text]<\/p>\n<p style=\"text-align: center;\"><strong>Televisi\u00f3n<\/strong> digital en <strong>directo<\/strong> y <strong>a la carta<\/strong>, disfruta de nuestro contenido variado,<br \/>\nTDT, cine, documentales, canales auton\u00f3micos, deportes, m\u00fasica.<\/p>\n<p style=\"text-align: center;\">puedes <strong>ver lo que quieras<\/strong> cuando quieras, en tu <strong>m\u00f3vil, tablet, Smart TV o PC<\/strong><\/p>\n<p style=\"text-align: center;\"><strong>Combina<\/strong> tus <strong>paquetes<\/strong> seg\u00fan aquello que te <strong>gusta ver<\/strong><\/p>\n<p>[\/vc_column_text][vc_empty_space height=\u00bb2.85em\u00bb alter_height=\u00bbnone\u00bb hide_on_desktop=\u00bb\u00bb hide_on_notebook=\u00bb\u00bb hide_on_tablet=\u00bb\u00bb hide_on_mobile=\u00bb\u00bb][vc_video link=\u00bbhttps:\/\/youtu.be\/AZsd-tvZIC8&#8243; align=\u00bbcenter\u00bb][vc_empty_space height=\u00bb2.85em\u00bb alter_height=\u00bbnone\u00bb hide_on_desktop=\u00bb\u00bb hide_on_notebook=\u00bb\u00bb hide_on_tablet=\u00bb\u00bb hide_on_mobile=\u00bb\u00bb][\/vc_column][vc_column width=\u00bb1\/6&#8243; offset=\u00bbvc_hidden-sm vc_hidden-xs\u00bb][\/vc_column][\/vc_row][vc_row][vc_column]<div  id=\"sc_price_869453999\" \n\tclass=\"sc_price color_style_default sc_price_default\"><div class=\"sc_price_columns_wrap sc_item_columns trx_addons_columns_wrap columns_padding_bottom\"><div class=\"trx_addons_column-1_2\"><div class=\"sc_price_item sc_price_item_default\">\n\t\t\t<h6 class=\"sc_price_item_subtitle\"><span>TV B\u00e1sica<\/span><\/h6><h3 class=\"sc_price_item_title\"><span>MASMEDIA CERO<\/span><\/h3><div class=\"sc_price_item_image\"><img loading=\"lazy\" decoding=\"async\" src=\"https:\/\/relleutelecom.com\/macarova\/wp-content\/uploads\/2021\/09\/logo_tv-1.png\" alt=\"sc-icons-image\" width=\"70\" height=\"63\"><\/div><div class=\"sc_price_item_details\"><ul class=\"trx_addons_list_success\">\n \t<li>Paquete Cero<\/li>\n \t<li>Paquete TDT<\/li>\n \t<li>Paquete Cine 1 y 2<\/li>\n<\/ul><\/div><div class=\"sc_price_item_info\"><div class=\"sc_price_item_price\"><span class=\"sc_price_item_price_value\">2,90\u20ac<\/span><span class=\"sc_price_item_price_after\">iva incluido<\/span><\/div><a href=\"\/macarova\/solicitar\/\" class=\"sc_price_item_link sc_button\" target=\"_blank\">\u00a1LO QUIERO!<\/a><\/div><!-- \/.sc_price_item_info --><\/div><\/div><div class=\"trx_addons_column-1_2\"><div class=\"sc_price_item sc_price_item_default\">\n\t\t\t<h6 class=\"sc_price_item_subtitle\"><span>Deportes y pelis 24H<\/span><\/h6><h3 class=\"sc_price_item_title\"><span>MASMEDIA CINE Y DEPORTE<\/span><\/h3><div class=\"sc_price_item_image\"><img loading=\"lazy\" decoding=\"async\" src=\"https:\/\/relleutelecom.com\/macarova\/wp-content\/uploads\/2021\/09\/logo_tv-1.png\" alt=\"sc-icons-image\" width=\"70\" height=\"63\"><\/div><div class=\"sc_price_item_details\"><ul class=\"trx_addons_list_success\">\n \t<li>Paquete Cero<\/li>\n \t<li>Paquete TDT<\/li>\n \t<li>Paquete Cine 1 y 2<\/li>\n        <li>Paquete Deporte<\/li>\n        <li>La Liga 2\u00aa Divisi\u00f3n<\/li>\n<\/ul><\/div><div class=\"sc_price_item_info\"><div class=\"sc_price_item_price\"><span class=\"sc_price_item_price_value\">7,90\u20ac<\/span><span class=\"sc_price_item_price_after\">iva incluido<\/span><\/div><a href=\"\/macarova\/solicitar\/\" class=\"sc_price_item_link sc_button\" target=\"_blank\">\u00a1LO QUIERO!<\/a><\/div><!-- \/.sc_price_item_info --><\/div><\/div><\/div><\/div><!-- \/.sc_price --><div  id=\"sc_price_1173456652\" \n\tclass=\"sc_price color_style_default sc_price_default\"><div class=\"sc_price_columns_wrap sc_item_columns trx_addons_columns_wrap columns_padding_bottom\"><div class=\"trx_addons_column-1_3\"><div class=\"sc_price_item sc_price_item_default\">\n\t\t\t<h6 class=\"sc_price_item_subtitle\"><span>Todos los canales<\/span><\/h6><h3 class=\"sc_price_item_title\"><span>MASMEDIA PREMIUM<\/span><\/h3><div class=\"sc_price_item_image\"><img loading=\"lazy\" decoding=\"async\" src=\"https:\/\/relleutelecom.com\/macarova\/wp-content\/uploads\/2021\/09\/logo_tv-1.png\" alt=\"sc-icons-image\" width=\"70\" height=\"63\"><\/div><div class=\"sc_price_item_details\"><ul class=\"trx_addons_list_success\">\n \t<li>Paquete Cero<\/li>\n \t<li>Paquete TDT<\/li>\n \t<li>Paquete Cine 1 y 2<\/li>\n \t<li>Paquete Supercine<\/li>\n        <li>Paquete Deporte<\/li>\n        <li>La Liga 2\u00aa Divisi\u00f3n<\/li>\n<\/ul><\/div><div class=\"sc_price_item_info\"><div class=\"sc_price_item_price\"><span class=\"sc_price_item_price_value\">9,90\u20ac<\/span><span class=\"sc_price_item_price_after\">iva incluido<\/span><\/div><a href=\"\/macarova\/solicitar\/\" class=\"sc_price_item_link sc_button\" target=\"_blank\">\u00a1LO QUIERO!<\/a><\/div><!-- \/.sc_price_item_info --><\/div><\/div><div class=\"trx_addons_column-1_3\"><div class=\"sc_price_item sc_price_item_default\">\n\t\t\t<h6 class=\"sc_price_item_subtitle\"><span>TV Internacional<\/span><\/h6><h3 class=\"sc_price_item_title\"><span>MASMEDIA INTERNACIONAL<\/span><\/h3><div class=\"sc_price_item_image\"><img loading=\"lazy\" decoding=\"async\" src=\"https:\/\/relleutelecom.com\/macarova\/wp-content\/uploads\/2021\/09\/logo_tv-1.png\" alt=\"sc-icons-image\" width=\"70\" height=\"63\"><\/div><div class=\"sc_price_item_details\"><ul class=\"trx_addons_list_success\">\n \t<li>Paquete Internacional<\/li>\n \t<li>Complemento de Paquete Cero<\/li>\n<\/ul><\/div><div class=\"sc_price_item_info\"><div class=\"sc_price_item_price\"><span class=\"sc_price_item_price_value\">1,90\u20ac<\/span><span class=\"sc_price_item_price_after\">iva incluido<\/span><\/div><a href=\"\/macarova\/solicitar\/\" class=\"sc_price_item_link sc_button\" target=\"_blank\">\u00a1LO QUIERO!<\/a><\/div><!-- \/.sc_price_item_info --><\/div><\/div><div class=\"trx_addons_column-1_3\"><div class=\"sc_price_item sc_price_item_default\">\n\t\t\t<h6 class=\"sc_price_item_subtitle\"><span>Contenido para adultos<\/span><\/h6><h3 class=\"sc_price_item_title\"><span>MASMEDIA HOT<\/span><\/h3><div class=\"sc_price_item_image\"><img loading=\"lazy\" decoding=\"async\" src=\"https:\/\/relleutelecom.com\/macarova\/wp-content\/uploads\/2021\/09\/logo_tv-1.png\" alt=\"sc-icons-image\" width=\"70\" height=\"63\"><\/div><div class=\"sc_price_item_details\"><ul class=\"trx_addons_list_success\">\n \t<li>Paquete Hot<\/li>\n \t<li>Complemento de Paquete Cero<\/li>\n<\/ul><\/div><div class=\"sc_price_item_info\"><div class=\"sc_price_item_price\"><span class=\"sc_price_item_price_value\">2,90\u20ac<\/span><span class=\"sc_price_item_price_after\">iva incluido<\/span><\/div><a href=\"\/macarova\/solicitar\/\" class=\"sc_price_item_link sc_button\" target=\"_blank\">\u00a1LO QUIERO!<\/a><\/div><!-- \/.sc_price_item_info --><\/div><\/div><\/div><\/div><!-- \/.sc_price -->[vc_empty_space height=\u00bb2.5em\u00bb alter_height=\u00bbnone\u00bb hide_on_desktop=\u00bb\u00bb hide_on_notebook=\u00bb\u00bb hide_on_tablet=\u00bb1&#8243; hide_on_mobile=\u00bb1&#8243;][\/vc_column][\/vc_row][vc_row full_width=\u00bbstretch_row\u00bb hide_bg_image_on_tablet=\u00bb\u00bb hide_bg_image_on_mobile=\u00bb\u00bb css=\u00bb.vc_custom_1510847121363{background-color: #f9f8f3 !important;}\u00bb][vc_column width=\u00bb1\/6&#8243;][\/vc_column][vc_column width=\u00bb4\/6&#8243;][vc_empty_space height=\u00bb2.0em\u00bb alter_height=\u00bbnone\u00bb hide_on_desktop=\u00bb\u00bb hide_on_notebook=\u00bb\u00bb hide_on_tablet=\u00bb\u00bb hide_on_mobile=\u00bb\u00bb][vc_column_text]<\/p>\n<p style=\"text-align: center;\"><strong>Pulsa el bot\u00f3n para abrir el web player para PC<\/strong><\/p>\n<p>[\/vc_column_text][vc_btn title=\u00bbAbrir Web Player\u00bb color=\u00bbgreen\u00bb align=\u00bbcenter\u00bb css_animation=\u00bbfadeIn\u00bb link=\u00bburl:https%3A%2F%2Fplayer.masmediatv.es%2F||target:%20_blank|\u00bb][vc_empty_space height=\u00bb2.0em\u00bb alter_height=\u00bbnone\u00bb hide_on_desktop=\u00bb\u00bb hide_on_notebook=\u00bb\u00bb hide_on_tablet=\u00bb\u00bb hide_on_mobile=\u00bb\u00bb][\/vc_column][vc_column width=\u00bb1\/6&#8243;][\/vc_column][\/vc_row][vc_row][vc_column][vc_empty_space height=\u00bb3.2em\u00bb alter_height=\u00bbnone\u00bb hide_on_desktop=\u00bb\u00bb hide_on_notebook=\u00bb\u00bb hide_on_tablet=\u00bb\u00bb hide_on_mobile=\u00bb\u00bb][vc_column_text]<\/p>\n<p style=\"text-align: center;\"><strong>Canales disponibles por paquete<\/strong><\/p>\n<p>[\/vc_column_text][vc_empty_space height=\u00bb1.5em\u00bb alter_height=\u00bbnone\u00bb hide_on_desktop=\u00bb\u00bb hide_on_notebook=\u00bb\u00bb hide_on_tablet=\u00bb\u00bb hide_on_mobile=\u00bb\u00bb][vc_gallery type=\u00bbflexslider_slide\u00bb interval=\u00bb3&#8243; images=\u00bb3597,3599,3600,3601,3553,3603&#8243; img_size=\u00bblarge\u00bb][vc_empty_space height=\u00bb4.3em\u00bb alter_height=\u00bbnone\u00bb hide_on_desktop=\u00bb\u00bb hide_on_notebook=\u00bb\u00bb hide_on_tablet=\u00bb\u00bb hide_on_mobile=\u00bb\u00bb]<div id=\"sc_title_1306560998\"\n\t\tclass=\"sc_title color_style_default sc_title_default\"><h4 class=\"sc_item_title sc_title_title sc_align_center sc_item_title_style_default sc_item_title_tag\">Caracter\u00edsticas b\u00e1sicas de televisi\u00f3n<\/h4><\/div><!-- \/.sc_title -->[vc_empty_space height=\u00bb3.2em\u00bb alter_height=\u00bbnone\u00bb hide_on_desktop=\u00bb\u00bb hide_on_notebook=\u00bb\u00bb hide_on_tablet=\u00bb\u00bb hide_on_mobile=\u00bb\u00bb][vc_column_text]<\/p>\n<ul>\n<li><strong>Instalaci\u00f3n sencilla<\/strong>, solo b\u00e1jate la app +Media de tu App o Play store e identif\u00edcate.<\/li>\n<li><strong>Sin bloqueo<\/strong> por geolocalizaci\u00f3n, <strong>disfruta<\/strong> de la tv por <strong>todo el mundo<\/strong> sin VPN<\/li>\n<li><span style=\"color: #1d1d1d;\"><strong>App<\/strong> disponible para <strong>iOS, Android, Smart TV y PC<\/strong><\/span><\/li>\n<li><strong>Sin permanencia<\/strong><\/li>\n<li>Para<strong> acceder<\/strong> al servicio es <strong>necesario<\/strong> tener el <strong>paquete CERO<\/strong> como m\u00ednimo, <strong>despu\u00e9s<\/strong>, si quieres,<strong> puedes a\u00f1adir<\/strong> paquetes tem\u00e1ticos.<\/li>\n<li><span style=\"color: #1d1d1d;\">Si tu TV <strong>no<\/strong> <strong>es Smart TV<\/strong>, necesitaras un deco o stick Android que puedes encontrar en el mercado por menos de 50\u20ac<\/span><\/li>\n<\/ul>\n<p>[\/vc_column_text][vc_empty_space height=\u00bb1.5em\u00bb alter_height=\u00bbnone\u00bb hide_on_desktop=\u00bb\u00bb hide_on_notebook=\u00bb\u00bb hide_on_tablet=\u00bb\u00bb hide_on_mobile=\u00bb\u00bb][vc_column_text]<\/p>\n<p style=\"text-align: left;\"><strong>B\u00e1jate nuestra app para ver los contenidos de tv<\/strong><\/p>\n<p>[\/vc_column_text][vc_empty_space height=\u00bb1.5em\u00bb alter_height=\u00bbnone\u00bb hide_on_desktop=\u00bb\u00bb hide_on_notebook=\u00bb\u00bb hide_on_tablet=\u00bb\u00bb hide_on_mobile=\u00bb\u00bb][vc_gallery type=\u00bbimage_grid\u00bb images=\u00bb3265,3264&#8243; img_size=\u00bb257&#215;76&#8243; onclick=\u00bbcustom_link\u00bb custom_links_target=\u00bb_blank\u00bb css_animation=\u00bbfadeIn\u00bb custom_links=\u00bb#E-8_aHR0cHMlM0ElMkYlMkZhcHBzLmFwcGxlLmNvbSUyRmVzJTJGYXBwJTJGbWVkaWElMkZpZDE0OTA0MTMwODIlMkNodHRwcyUzQSUyRiUyRnBsYXkuZ29vZ2xlLmNvbSUyRnN0b3JlJTJGYXBwcyUyRmRldGFpbHMlM0ZpZCUzRG1hc21lZGlhLm9wZW5zdHJlYW0uY29tJTI2aGwlM0RlcyUyNmdsJTNEVVM=\u00bb][\/vc_column][\/vc_row]<\/p>\n","protected":false},"excerpt":{"rendered":"<p>[vc_row][vc_column width=\u00bb1\/6&#8243; offset=\u00bbvc_hidden-sm vc_hidden-xs\u00bb][\/vc_column][vc_column offset=\u00bbvc_col-lg-8 vc_col-md-8 vc_col-xs-12&#8243;][vc_column_text] Televisi\u00f3n digital en directo y a la carta,&hellip;<\/p>\n","protected":false},"author":1,"featured_media":0,"parent":0,"menu_order":0,"comment_status":"closed","ping_status":"closed","template":"","meta":{"footnotes":""},"_links":{"self":[{"href":"https:\/\/relleutelecom.com\/macarova\/wp-json\/wp\/v2\/pages\/3213"}],"collection":[{"href":"https:\/\/relleutelecom.com\/macarova\/wp-json\/wp\/v2\/pages"}],"about":[{"href":"https:\/\/relleutelecom.com\/macarova\/wp-json\/wp\/v2\/types\/page"}],"author":[{"embeddable":true,"href":"https:\/\/relleutelecom.com\/macarova\/wp-json\/wp\/v2\/users\/1"}],"replies":[{"embeddable":true,"href":"https:\/\/relleutelecom.com\/macarova\/wp-json\/wp\/v2\/comments?post=3213"}],"version-history":[{"count":72,"href":"https:\/\/relleutelecom.com\/macarova\/wp-json\/wp\/v2\/pages\/3213\/revisions"}],"predecessor-version":[{"id":3720,"href":"https:\/\/relleutelecom.com\/macarova\/wp-json\/wp\/v2\/pages\/3213\/revisions\/3720"}],"wp:attachment":[{"href":"https:\/\/relleutelecom.com\/macarova\/wp-json\/wp\/v2\/media?parent=3213"}],"curies":[{"name":"wp","href":"https:\/\/api.w.org\/{rel}","templated":true}]}}